tors of 100.
2, 5
What are the prime factors of 11170?
2, 5, 1117
List the prime factors of 18739.
7, 2677
List the prime factors of 3156.
2, 3, 263
What are the prime factors of 1487?
1487
What are the prime factors of 16446?
2, 3, 2741
What are the prime factors of 958?
2, 479
What are the prime factors of 28435?
5, 11, 47
List the prime factors of 34108.
2, 8527
List the prime factors of 91556.
2, 47, 487
What are the prime factors of 12824?
2, 7, 229
What are the prime factors of 38518?
2, 19259
What are the prime factors of 12251?
12251
What are the prime factors of 1210?
2, 5, 11
List the prime factors of 139010.
2, 5, 13901
List the prime factors of 48934.
2, 43, 569
List the prime factors of 28207.
67, 421
List the prime factors of 30001.
19, 1579
What are the prime factors of 3250?
2, 5, 13
What are the prime factors of 418?
2, 11, 19
What are the prime factors of 4399?
53, 83
What are the prime factors of 10989?
3, 11, 37
What are the prime factors of 561?
3, 11, 17
What are the prime factors of 7654?
2, 43, 89
What are the prime factors of 3492?
2, 3, 97
List the prime factors of 190.
2, 5, 19
List the prime factors of 32901.
3, 11, 997
What are the prime factors of 551?
19, 29
What are the prime factors of 121395?
3, 5, 8093
What are the prime factors of 3618?
2, 3, 67
List the prime factors of 8466.
2, 3, 17, 83
List the prime factors of 1947.
3, 11, 59
What are the prime factors of 2426?
2, 1213
List the prime factors of 1595.
5, 11, 29
List the prime factors of 14693.
7, 2099
List the prime factors of 68530.
2, 5, 7, 11, 89
List the prime factors of 102397.
102397
What are the prime factors of 89737?
19, 4723
What are the prime factors of 1292?
2, 17, 19
What are the prime factors of 74580?
2, 3, 5, 11, 113
List the prime factors of 39924.
2, 3, 1109
List the prime factors of 336.
2, 3, 7
List the prime factors of 138352.
2, 8647
What are the prime factors of 1597?
1597
List the prime factors of 44885.
5, 47, 191
List the prime factors of 1726.
2, 863
What are the prime factors of 17583?
3, 5861
List the prime factors of 4623.
3, 23, 67
What are the prime factors of 334?
2, 167
What are the prime factors of 193609?
13, 53, 281
List the prime factors of 10657.
10657
What are the prime factors of 315?
3, 5, 7
List the prime factors of 6893.
61, 113
List the prime factors of 21391.
21391
List the prime factors of 111359.
19, 5861
List the prime factors of 740.
2, 5, 37
What are the prime factors of 27601?
7, 3943
List the prime factors of 2943.
3, 109
What are the prime factors of 2475?
3, 5, 11
What are the prime factors of 14474?
2, 7237
What are the prime factors of 9867?
3, 11, 13, 23
What are the prime factors of 6992?
2, 19, 23
What are the prime factors of 39719?
39719
What are the prime factors of 30099?
3, 79, 127
List the prime factors of 4034.
2, 2017
What are the prime factors of 4544?
2, 71
What are the prime factors of 5039?
5039
List the prime factors of 81198.
2, 3, 13, 347
What are the prime factors of 7916?
2, 1979
What are the prime factors of 50833?
50833
What are the prime factors of 39836?
2, 23, 433
List the prime factors of 1947.
3, 11, 59
What are the prime factors of 2059?
29, 71
List the prime factors of 2937.
3, 11, 89
What are the prime factors of 73285?
5, 14657
List the prime factors of 4020.
2, 3, 5, 67
List the prime factors of 3195.
3, 5, 71
What are the prime factors of 58415?
5, 7, 1669
List the prime factors of 177886.
2, 29, 3067
List the prime factors of 4858.
2, 7, 347
What are the prime factors of 100355?
5, 20071
What are the prime factors of 84062?
2, 11, 3821
What are the prime factors of 540?
2, 3, 5
List the prime factors of 6539.
13, 503
What are the prime factors of 7323?
3, 2441
What are the prime factors of 89028?
2, 3, 2473
List the prime factors of 1503.
3, 167
List the prime factors of 4455.
3, 5, 11
List the prime factors of 8632.
2, 13, 83
What are the prime factors of 7647?
3, 2549
What are the prime factors of 50050?
2, 5, 7, 11, 13
List the prime factors of 330.
2, 3, 5, 11
List the prime factors of 36427.
73, 499
What are the prime factors of 1434?
2, 3, 239
List the prime factors of 206655.
3, 5, 23, 599
List the prime factors of 13805.
5, 11, 251
List the prime factors of 7760.
2, 5, 97
What are the prime factors of 1581?
3, 17, 31
List the prime factors of 633.
3, 211
What are the prime factors of 2747?
41, 67
List the prime factors of 622.
2, 311
What are the prime factors of 4997?
19, 263
What are the prime factors of 256?
2
List the prime factors of 73011.
3, 24337
List the prime factors of 72244.
2, 18061
What are the prime factors of 2894?
2, 1447
List the prime factors of 391.
17, 23
What are the prime factors of 22410?
2, 3, 5, 83
What are the prime factors of 22830?
2, 3, 5, 761
List the prime factors of 15370.
2, 5, 29, 53
List the prime factors of 247.
13, 19
List the prime factors of 152433.
3, 16937
List the prime factors of 2614.
2, 1307
What are the prime factors of 3965?
5, 13, 61
What are the prime factors of 17966?
2, 13, 691
What are the prime factors of 48893?
13, 3761
What are the prime factors of 72366?
2, 3, 7, 1723
What are the prime factors of 139080?
2, 3, 5, 19, 61
List the prime factors of 11414.
2, 13, 439
What are the prime factors of 1204?
2, 7, 43
What are the prime factors of 6097?
7, 13, 67
What are the prime factors of 10341?
3, 383
What are the prime factors of 4405?
5, 881
List the prime factors of 28622.
2, 11, 1301
List the prime factors of 1988.
2, 7, 71
What are the prime factors of 4625?
5, 37
What are the prime factors of 583?
11, 53
What are the prime factors of 7828?
2, 19, 103
What are the prime factors of 715?
5, 11, 13
List the prime factors of 59807.
11, 5437
List the prime factors of 32198.
2, 17, 947
List the prime factors of 12994.
2, 73, 89
List the prime factors of 3833.
3833
List the prime factors of 1212.
2, 3, 101
What are the prime factors of 4917?
3, 11, 149
List the prime factors of 1916.
2, 479
List the prime factors of 1824.
2, 3, 19
List the prime factors of 2277.
3, 11, 23
What are the prime factors of 3332?
2, 7, 17
List the prime factors of 2403.
3, 89
What are the prime factors of 59014?
2, 19, 1553
What are the prime factors of 81284?
2, 7, 2903
What are the prime factors of 3249?
3, 19
What are the prime factors of 2457?
3, 7, 13
What are the prime factors of 3551?
53, 67
What are the prime factors of 129?
3, 43
List the prime factors of 2388.
2, 3, 199
List the prime factors of 9311.
9311
What are the prime factors of 227?
227
What are the prime factors of 67728?
2, 3, 17, 83
List the prime factors of 672.
2, 3, 7
What are the prime factors of 11801?
11801
What are the prime factors of 47256?
2, 3, 11, 179
List the prime factors of 939.
3, 313
List the prime factors of 21760.
2, 5, 17
What are the prime factors of 4317?
3, 1439
List the prime factors of 114737.
7, 37, 443
List the prime factors of 57071.
7, 31, 263
What are the prime factors of 11295?
3, 5, 251
What are the prime factors of 2199?
3, 733
What are the prime factors of 1847?
1847
List the prime factors of 62650.
2, 5, 7, 179
What are the prime factors of 6220?
2, 5, 311
List the prime factors of 1698.
2, 3, 283
List the prime factors of 1320.
2, 3, 5, 11
What are the prime factors of 1897?
7, 271
What are the prime factors of 595?
5, 7, 17
What are the prime factors of 2949?
3, 983
List the prime factors of 3154.
2, 19, 83
What are the prime factors of 1395?
3, 5, 31
List the prime factors of 4136.
2, 11, 47
List the prime factors of 79699.
79699
What are the prime factors of 969?
3, 17, 19
List the prime factors of 3304.
2, 7, 59
What are the prime factors of 14624?
2, 457
List the prime factors of 21665.
5, 7, 619
What are the prime factors of 2325?
3, 5, 31
List the prime factors of 55.
5, 11
List the prime factors of 10942.
2, 5471
What are the prime factors of 176747?
176747
What are the prime factors of 2855?
5, 571
What are the prime factors of 264?
2, 3, 11
List the prime factors of 20699.
7, 2957
What are the prime factors of 213?
3, 71
List the prime factors of 3682.
2, 7, 263
List the prime factors of 65537.
65537
List the prime factors of 78858.
2, 3, 13, 337
List the prime factors of 1593.
3, 59
What are the prime factors